{"id":13,"date":"2025-10-30T00:39:33","date_gmt":"2025-10-29T23:39:33","guid":{"rendered":"http:\/\/avbox.ch\/cms\/?page_id=13"},"modified":"2026-04-15T10:56:23","modified_gmt":"2026-04-15T08:56:23","slug":"startseite","status":"publish","type":"page","link":"https:\/\/avbox.ch\/cms\/","title":{"rendered":"Home Deutsch"},"content":{"rendered":"<h2>Archivierung und KI: 30 Jahre Erfahrung<\/h2>\n<p>Die AV-Box bietet ein professionelles Medien-Management-System (inkl. KI) f\u00fcr Audio- und Video-Dateien. Die AV-Box basiert auf der ArchivistaBox, einem Schweizer Dokumenten Management System, das in den fr\u00fchen 90er-Jahren entwickelt und 1998 auf den Markt gebracht wurden. Seit dem Jahre 2006 sind die Sourcen offengelegt (Open Source). Die AV-Box (Audio- und Video-Box) ist in diesem Sinne eine auf audiovisuelle Daten ausgelegte ArchivistaBox. Die AV-Box bietet dabei die M\u00f6glichkeit, textbasiere, audio und visuelle KI-Modelle lokal auf der ArchivistaBox auszuf\u00fchren.<\/p>\n<ul>\n<li style=\"list-style-type: none;\">\n<ul>\n<li><strong>Box-Konzept:<\/strong> Netzwerkkabel an AV-Box anschliessen und loslegen.<\/li>\n<li><strong>Webbasiert:<\/strong> Browser f\u00fcr Windows, iOS, Linux und Android (Smartphone-Modus)<\/li>\n<li><strong>Redundanz:<\/strong> Festplatten-Verbund oder mehrere Boxen f\u00fcr stets synchrone Datenhaltung<\/li>\n<li><strong>Hohes Volumen:<\/strong> Dank einzigartigem Optimierungskonzept bis zu Millionen von Stunden von Filmen auf einer Box<\/li>\n<li><strong>Verpflichtung:<\/strong> 30 Jahre Garantie auf erstellte archivierte Datentr\u00e4ger (M-Disk). Lebensdauer der Datentr\u00e4ger \u00fcber Hunderte von Jahren.<\/li>\n<li><strong>Software:<\/strong> Mit jeder AV-Box werden die Sourcen mitgeliefert (Open Source)<\/li>\n<li><strong>Automatisierte Beschlagwortung:<\/strong> OMDb, TMDb oder IMDb sowie Spracherkennung f\u00fcr Volltext<\/li>\n<li><strong>Referenz:<\/strong> Wohl gr\u00f6sste digitale Privatfilmsammlung der Welt (aktuell &gt;81&#8217;000 Titel)<\/li>\n<li><strong>Kosten:<\/strong> Ab sFr. 2100.&#8211; (20&#8217;000 Stunden) bis sFr. 30&#8217;000.&#8211; (600&#8217;000 Stunden), immer redundant!<\/li>\n<li><strong>Weitere Infos: <a href=\"https:\/\/avbox.ch\/cms\/faqs-deutsch\/\" target=\"_blank\" rel=\"noopener\">FAQs <\/a><\/strong>sowie <strong><a href=\"https:\/\/archivista.ch\/cms\/de\/homd\/?lang=de\" target=\"_blank\" rel=\"noopener\">archivista.ch<\/a><\/strong> (Archivista GmbH) und <strong><a href=\"https:\/\/moviebox.ch\/cms\" target=\"_blank\" rel=\"noopener\">moviebox.ch<\/a><\/strong> (Gr\u00f6sstes Schweizer Filmverzeichnis)<\/li>\n<\/ul>\n<\/li>\n<\/ul>\n<h3><\/h3>\n<h3>Fragen: +41 44 350 05 60<br \/>\nDemo: <a href=\"mailto:webmaster@archivista.ch\">webmaster@archivista.ch<\/a><\/h3>\n","protected":false},"excerpt":{"rendered":"<p>Archivierung und KI: 30 Jahre Erfahrung Die AV-Box bietet ein professionelles Medien-Management-System (inkl. KI) f\u00fcr Audio- und Video-Dateien. Die AV-Box [&hellip;]<\/p>\n","protected":false},"author":1,"featured_media":0,"parent":0,"menu_order":0,"comment_status":"closed","ping_status":"closed","template":"","meta":{"site-sidebar-layout":"right-sidebar","site-content-layout":"plain-container","ast-site-content-layout":"default","site-content-style":"default","site-sidebar-style":"default","ast-global-header-display":"","ast-banner-title-visibility":"","ast-main-header-display":"","ast-hfb-above-header-display":"","ast-hfb-below-header-display":"","ast-hfb-mobile-header-display":"","site-post-title":"disabled","ast-breadcrumbs-content":"","ast-featured-img":"","footer-sml-layout":"","theme-transparent-header-meta":"enabled","adv-header-id-meta":"","stick-header-meta":"","header-above-stick-meta":"","header-main-stick-meta":"","header-below-stick-meta":"","astra-migrate-meta-layouts":"set","ast-page-background-enabled":"default","ast-page-background-meta":{"desktop":{"background-color":"var(--ast-global-color-5)","background-image":"","background-repeat":"repeat","background-position":"center center","background-size":"auto","background-attachment":"scroll","background-type":"","background-media":"","overlay-type":"","overlay-color":"","overlay-opacity":"","overlay-gradient":""},"tablet":{"background-color":"","background-image":"","background-repeat":"repeat","background-position":"center center","background-size":"auto","background-attachment":"scroll","background-type":"","background-media":"","overlay-type":"","overlay-color":"","overlay-opacity":"","overlay-gradient":""},"mobile":{"background-color":"","background-image":"","background-repeat":"repeat","background-position":"center center","background-size":"auto","background-attachment":"scroll","background-type":"","background-media":"","overlay-type":"","overlay-color":"","overlay-opacity":"","overlay-gradient":""}},"ast-content-background-meta":{"desktop":{"background-color":"var(--ast-global-color-4)","background-image":"","background-repeat":"repeat","background-position":"center center","background-size":"auto","background-attachment":"scroll","background-type":"","background-media":"","overlay-type":"","overlay-color":"","overlay-opacity":"","overlay-gradient":""},"tablet":{"background-color":"var(--ast-global-color-4)","background-image":"","background-repeat":"repeat","background-position":"center center","background-size":"auto","background-attachment":"scroll","background-type":"","background-media":"","overlay-type":"","overlay-color":"","overlay-opacity":"","overlay-gradient":""},"mobile":{"background-color":"var(--ast-global-color-4)","background-image":"","background-repeat":"repeat","background-position":"center center","background-size":"auto","background-attachment":"scroll","background-type":"","background-media":"","overlay-type":"","overlay-color":"","overlay-opacity":"","overlay-gradient":""}},"footnotes":""},"class_list":["post-13","page","type-page","status-publish","hentry"],"_links":{"self":[{"href":"https:\/\/avbox.ch\/cms\/wp-json\/wp\/v2\/pages\/13","targetHints":{"allow":["GET"]}}],"collection":[{"href":"https:\/\/avbox.ch\/cms\/wp-json\/wp\/v2\/pages"}],"about":[{"href":"https:\/\/avbox.ch\/cms\/wp-json\/wp\/v2\/types\/page"}],"author":[{"embeddable":true,"href":"https:\/\/avbox.ch\/cms\/wp-json\/wp\/v2\/users\/1"}],"replies":[{"embeddable":true,"href":"https:\/\/avbox.ch\/cms\/wp-json\/wp\/v2\/comments?post=13"}],"version-history":[{"count":55,"href":"https:\/\/avbox.ch\/cms\/wp-json\/wp\/v2\/pages\/13\/revisions"}],"predecessor-version":[{"id":173,"href":"https:\/\/avbox.ch\/cms\/wp-json\/wp\/v2\/pages\/13\/revisions\/173"}],"wp:attachment":[{"href":"https:\/\/avbox.ch\/cms\/wp-json\/wp\/v2\/media?parent=13"}],"curies":[{"name":"wp","href":"https:\/\/api.w.org\/{rel}","templated":true}]}}